{"id":72,"date":"2019-11-16T18:45:20","date_gmt":"2019-11-16T17:45:20","guid":{"rendered":"http:\/\/neu.christian-volk.de\/?page_id=72"},"modified":"2020-04-19T15:39:40","modified_gmt":"2020-04-19T13:39:40","slug":"impressum","status":"publish","type":"page","link":"https:\/\/christian-volk.de\/index.php\/impressum\/","title":{"rendered":"Impressum"},"content":{"rendered":"<div class=\"wpb-content-wrapper\"><p>[vc_row][vc_column css_animation=&#8220;none&#8220;][vc_column_text]<\/p>\n<h2>Impressum<\/h2>\n<p><strong>Angaben gem\u00e4\u00df \u00a7 5 TMG<\/strong><\/p>\n<p>Christian Volk<\/p>\n<p>Fotograf<\/p>\n<p>Br\u00fcder-Grimm-Str. 72<\/p>\n<p>36396 Steinau <em>*<\/em><\/p>\n<p><strong>Kontakt<\/strong><\/p>\n<p>Telefon: +49 151 65162540<\/p>\n<p>Telefax: +49 6663 4749837<\/p>\n<p>E-Mail: fotograf.volk@icloud.com<\/p>\n<hr \/>\n<p><strong>Berufsbezeichnung und berufsrechtliche Regelungen<\/strong><\/p>\n<p>Berufsbezeichnung: Fotograf<\/p>\n<p>Zust\u00e4ndige Kammer: Handwerkskammer Hessen<\/p>\n<p>Verliehen durch: Deutschland<\/p>\n<hr \/>\n<p><strong>Streitschlichtung<\/strong><\/p>\n<p>Die Europ\u00e4ische Kommission stellt eine Plattform zur Online-Streitbeilegung (OS) bereit: https:\/\/ec.europa.eu\/consumers\/odr.<\/p>\n<p>Unsere E-Mail-Adresse finden Sie oben im Impressum.<\/p>\n<p>Wir sind nicht bereit oder verpflichtet, an Streitbeilegungsverfahren vor einer Verbraucherschlichtungsstelle teilzunehmen.<\/p>\n<hr \/>\n<p><strong>Haftung f\u00fcr Inhalte<\/strong><\/p>\n<p>Als Diensteanbieter sind wir gem\u00e4\u00df \u00a7 7 Abs.1 TMG f\u00fcr eigene Inhalte auf diesen Seiten nach den allgemeinen Gesetzen verantwortlich. Nach \u00a7\u00a7 8 bis 10 TMG sind wir als Diensteanbieter jedoch nicht verpflichtet, \u00fcbermittelte oder gespeicherte fremde Informationen zu \u00fcberwachen oder nach Umst\u00e4nden zu forschen, die auf eine rechtswidrige T\u00e4tigkeit hinweisen.<\/p>\n<p>Verpflichtungen zur Entfernung oder Sperrung der Nutzung von Informationen nach den allgemeinen Gesetzen bleiben hiervon unber\u00fchrt. Eine diesbez\u00fcgliche Haftung ist jedoch erst ab dem Zeitpunkt der Kenntnis einer konkreten Rechtsverletzung m\u00f6glich. Bei Bekanntwerden von entsprechenden Rechtsverletzungen werden wir diese Inhalte umgehend entfernen.<\/p>\n<hr \/>\n<p><strong>Haftung f\u00fcr Links<\/strong><\/p>\n<p>Unser Angebot enth\u00e4lt Links zu externen Websites Dritter, auf deren Inhalte wir keinen Einfluss haben.<\/p>\n<p>Deshalb k\u00f6nnen wir f\u00fcr diese fremden Inhalte auch keine Gew\u00e4hr \u00fcbernehmen. F\u00fcr die Inhalte der verlinkten Seiten ist stets der jeweilige Anbieter oder Betreiber der Seiten verantwortlich. Die verlinkten Seiten wurden zum Zeitpunkt der Verlinkung auf m\u00f6gliche Rechtsverst\u00f6\u00dfe \u00fcberpr\u00fcft. Rechtswidrige Inhalte waren zum Zeitpunkt der Verlinkung nicht erkennbar.<\/p>\n<p>Eine permanente inhaltliche Kontrolle der verlinkten Seiten ist jedoch ohne konkrete Anhaltspunkte einer Rechtsverletzung nicht zumutbar. Bei Bekanntwerden von Rechtsverletzungen werden wir derartige Links umgehend entfernen.<\/p>\n<hr \/>\n<p><strong>Urheberrecht<\/strong><\/p>\n<p>Die durch die Seitenbetreiber erstellten Inhalte und Werke auf diesen Seiten unterliegen dem deutschen Urheberrecht. Die Vervielf\u00e4ltigung, Bearbeitung, Verbreitung und jede Art der Verwertung au\u00dferhalb der Grenzen des Urheberrechtes bed\u00fcrfen der schriftlichen Zustimmung des jeweiligen Autors bzw. Erstellers. Downloads und Kopien dieser Seite sind nur f\u00fcr den privaten, nicht kommerziellen Gebrauch gestattet.<\/p>\n<p>Soweit die Inhalte auf dieser Seite nicht vom Betreiber erstellt wurden, werden die Urheberrechte Dritter beachtet. Insbesondere werden Inhalte Dritter als solche gekennzeichnet. Sollten Sie trotzdem auf eine Urheberrechtsverletzung aufmerksam werden, bitten wir um einen entsprechenden Hinweis. Bei Bekanntwerden von Rechtsverletzungen werden wir derartige Inhalte umgehend entfernen.<\/p>\n<hr \/>\n<p>Quelle:<\/p>\n<p>eRecht24[\/vc_column_text][\/vc_column][\/vc_row]<\/p>\n<\/div>","protected":false},"excerpt":{"rendered":"<p>[vc_row][vc_column css_animation=&#8220;none&#8220;][vc_column_text] Impressum Angaben gem\u00e4\u00df \u00a7 5 TMG Christian Volk Fotograf Br\u00fcder-Grimm-Str. 72 36396 Steinau * Kontakt Telefon: +49 151 65162540 Telefax: +49 6663 4749837 E-Mail: fotograf.volk@icloud.com Berufsbezeichnung und berufsrechtliche Regelungen Berufsbezeichnung: Fotograf Zust\u00e4ndige Kammer: Handwerkskammer Hessen Verliehen durch: Deutschland Streitschlichtung Die Europ\u00e4ische Kommission stellt eine Plattform zur Online-Streitbeilegung (OS) bereit: https:\/\/ec.europa.eu\/consumers\/odr. Unsere E-Mail-Adresse finden&hellip;<\/p>\n","protected":false},"author":1,"featured_media":0,"parent":0,"menu_order":1,"comment_status":"closed","ping_status":"closed","template":"template-microsite.php","meta":{"footnotes":""},"class_list":["post-72","page","type-page","status-publish","hentry","description-off"],"yoast_head":"<!-- This site is optimized with the Yoast SEO plugin v27.5 - https:\/\/yoast.com\/product\/yoast-seo-wordpress\/ -->\n<title>Impressum - Headshot und Business Portrait Fotograf - Christian Volk<\/title>\n<meta name=\"robots\" content=\"noindex, follow\" \/>\n<meta property=\"og:locale\" content=\"de_DE\" \/>\n<meta property=\"og:type\" content=\"article\" \/>\n<meta property=\"og:title\" content=\"Impressum - Headshot und Business Portrait Fotograf - Christian Volk\" \/>\n<meta property=\"og:description\" content=\"[vc_row][vc_column css_animation=&#8220;none&#8220;][vc_column_text] Impressum Angaben gem\u00e4\u00df \u00a7 5 TMG Christian Volk Fotograf Br\u00fcder-Grimm-Str. 72 36396 Steinau * Kontakt Telefon: +49 151 65162540 Telefax: +49 6663 4749837 E-Mail: fotograf.volk@icloud.com Berufsbezeichnung und berufsrechtliche Regelungen Berufsbezeichnung: Fotograf Zust\u00e4ndige Kammer: Handwerkskammer Hessen Verliehen durch: Deutschland Streitschlichtung Die Europ\u00e4ische Kommission stellt eine Plattform zur Online-Streitbeilegung (OS) bereit: https:\/\/ec.europa.eu\/consumers\/odr. Unsere E-Mail-Adresse finden&hellip;\" \/>\n<meta property=\"og:url\" content=\"https:\/\/christian-volk.de\/index.php\/impressum\/\" \/>\n<meta property=\"og:site_name\" content=\"Headshot und Business Portrait Fotograf - Christian Volk\" \/>\n<meta property=\"article:publisher\" content=\"https:\/\/www.facebook.com\/christian.volk.fotografie\" \/>\n<meta property=\"article:modified_time\" content=\"2020-04-19T13:39:40+00:00\" \/>\n<meta name=\"twitter:card\" content=\"summary_large_image\" \/>\n<meta name=\"twitter:label1\" content=\"Gesch\u00e4tzte Lesezeit\" \/>\n\t<meta name=\"twitter:data1\" content=\"2\u00a0Minuten\" \/>\n<script type=\"application\/ld+json\" class=\"yoast-schema-graph\">{\"@context\":\"https:\\\/\\\/schema.org\",\"@graph\":[{\"@type\":\"WebPage\",\"@id\":\"https:\\\/\\\/christian-volk.de\\\/index.php\\\/impressum\\\/\",\"url\":\"https:\\\/\\\/christian-volk.de\\\/index.php\\\/impressum\\\/\",\"name\":\"Impressum - Headshot und Business Portrait Fotograf - Christian Volk\",\"isPartOf\":{\"@id\":\"https:\\\/\\\/christian-volk.de\\\/#website\"},\"datePublished\":\"2019-11-16T17:45:20+00:00\",\"dateModified\":\"2020-04-19T13:39:40+00:00\",\"breadcrumb\":{\"@id\":\"https:\\\/\\\/christian-volk.de\\\/index.php\\\/impressum\\\/#breadcrumb\"},\"inLanguage\":\"de\",\"potentialAction\":[{\"@type\":\"ReadAction\",\"target\":[\"https:\\\/\\\/christian-volk.de\\\/index.php\\\/impressum\\\/\"]}]},{\"@type\":\"BreadcrumbList\",\"@id\":\"https:\\\/\\\/christian-volk.de\\\/index.php\\\/impressum\\\/#breadcrumb\",\"itemListElement\":[{\"@type\":\"ListItem\",\"position\":1,\"name\":\"Startseite\",\"item\":\"https:\\\/\\\/christian-volk.de\\\/\"},{\"@type\":\"ListItem\",\"position\":2,\"name\":\"Impressum\"}]},{\"@type\":\"WebSite\",\"@id\":\"https:\\\/\\\/christian-volk.de\\\/#website\",\"url\":\"https:\\\/\\\/christian-volk.de\\\/\",\"name\":\"Headshot und Business Portrait Fotograf - Christian Volk\",\"description\":\"\",\"potentialAction\":[{\"@type\":\"SearchAction\",\"target\":{\"@type\":\"EntryPoint\",\"urlTemplate\":\"https:\\\/\\\/christian-volk.de\\\/?s={search_term_string}\"},\"query-input\":{\"@type\":\"PropertyValueSpecification\",\"valueRequired\":true,\"valueName\":\"search_term_string\"}}],\"inLanguage\":\"de\"}]}<\/script>\n<!-- \/ Yoast SEO plugin. -->","yoast_head_json":{"title":"Impressum - Headshot und Business Portrait Fotograf - Christian Volk","robots":{"index":"noindex","follow":"follow"},"og_locale":"de_DE","og_type":"article","og_title":"Impressum - Headshot und Business Portrait Fotograf - Christian Volk","og_description":"[vc_row][vc_column css_animation=&#8220;none&#8220;][vc_column_text] Impressum Angaben gem\u00e4\u00df \u00a7 5 TMG Christian Volk Fotograf Br\u00fcder-Grimm-Str. 72 36396 Steinau * Kontakt Telefon: +49 151 65162540 Telefax: +49 6663 4749837 E-Mail: fotograf.volk@icloud.com Berufsbezeichnung und berufsrechtliche Regelungen Berufsbezeichnung: Fotograf Zust\u00e4ndige Kammer: Handwerkskammer Hessen Verliehen durch: Deutschland Streitschlichtung Die Europ\u00e4ische Kommission stellt eine Plattform zur Online-Streitbeilegung (OS) bereit: https:\/\/ec.europa.eu\/consumers\/odr. Unsere E-Mail-Adresse finden&hellip;","og_url":"https:\/\/christian-volk.de\/index.php\/impressum\/","og_site_name":"Headshot und Business Portrait Fotograf - Christian Volk","article_publisher":"https:\/\/www.facebook.com\/christian.volk.fotografie","article_modified_time":"2020-04-19T13:39:40+00:00","twitter_card":"summary_large_image","twitter_misc":{"Gesch\u00e4tzte Lesezeit":"2\u00a0Minuten"},"schema":{"@context":"https:\/\/schema.org","@graph":[{"@type":"WebPage","@id":"https:\/\/christian-volk.de\/index.php\/impressum\/","url":"https:\/\/christian-volk.de\/index.php\/impressum\/","name":"Impressum - Headshot und Business Portrait Fotograf - Christian Volk","isPartOf":{"@id":"https:\/\/christian-volk.de\/#website"},"datePublished":"2019-11-16T17:45:20+00:00","dateModified":"2020-04-19T13:39:40+00:00","breadcrumb":{"@id":"https:\/\/christian-volk.de\/index.php\/impressum\/#breadcrumb"},"inLanguage":"de","potentialAction":[{"@type":"ReadAction","target":["https:\/\/christian-volk.de\/index.php\/impressum\/"]}]},{"@type":"BreadcrumbList","@id":"https:\/\/christian-volk.de\/index.php\/impressum\/#breadcrumb","itemListElement":[{"@type":"ListItem","position":1,"name":"Startseite","item":"https:\/\/christian-volk.de\/"},{"@type":"ListItem","position":2,"name":"Impressum"}]},{"@type":"WebSite","@id":"https:\/\/christian-volk.de\/#website","url":"https:\/\/christian-volk.de\/","name":"Headshot und Business Portrait Fotograf - Christian Volk","description":"","potentialAction":[{"@type":"SearchAction","target":{"@type":"EntryPoint","urlTemplate":"https:\/\/christian-volk.de\/?s={search_term_string}"},"query-input":{"@type":"PropertyValueSpecification","valueRequired":true,"valueName":"search_term_string"}}],"inLanguage":"de"}]}},"_links":{"self":[{"href":"https:\/\/christian-volk.de\/index.php\/wp-json\/wp\/v2\/pages\/72","targetHints":{"allow":["GET"]}}],"collection":[{"href":"https:\/\/christian-volk.de\/index.php\/wp-json\/wp\/v2\/pages"}],"about":[{"href":"https:\/\/christian-volk.de\/index.php\/wp-json\/wp\/v2\/types\/page"}],"author":[{"embeddable":true,"href":"https:\/\/christian-volk.de\/index.php\/wp-json\/wp\/v2\/users\/1"}],"replies":[{"embeddable":true,"href":"https:\/\/christian-volk.de\/index.php\/wp-json\/wp\/v2\/comments?post=72"}],"version-history":[{"count":5,"href":"https:\/\/christian-volk.de\/index.php\/wp-json\/wp\/v2\/pages\/72\/revisions"}],"predecessor-version":[{"id":15341,"href":"https:\/\/christian-volk.de\/index.php\/wp-json\/wp\/v2\/pages\/72\/revisions\/15341"}],"wp:attachment":[{"href":"https:\/\/christian-volk.de\/index.php\/wp-json\/wp\/v2\/media?parent=72"}],"curies":[{"name":"wp","href":"https:\/\/api.w.org\/{rel}","templated":true}]}}

<div class="wpb-content-wrapper"><p>[vc_row][vc_column css_animation=&#8220;none&#8220;][vc_column_text]</p>
<h2>Impressum</h2>
<p><strong>Angaben gemäß § 5 TMG</strong></p>
<p>Christian Volk</p>
<p>Fotograf</p>
<p>Brüder-Grimm-Str. 72</p>
<p>36396 Steinau <em>*</em></p>
<p><strong>Kontakt</strong></p>
<p>Telefon: +49 151 65162540</p>
<p>Telefax: +49 6663 4749837</p>
<p>E-Mail: fotograf.volk@icloud.com</p>
<hr />
<p><strong>Berufsbezeichnung und berufsrechtliche Regelungen</strong></p>
<p>Berufsbezeichnung: Fotograf</p>
<p>Zuständige Kammer: Handwerkskammer Hessen</p>
<p>Verliehen durch: Deutschland</p>
<hr />
<p><strong>Streitschlichtung</strong></p>
<p>Die Europäische Kommission stellt eine Plattform zur Online-Streitbeilegung (OS) bereit: https://ec.europa.eu/consumers/odr.</p>
<p>Unsere E-Mail-Adresse finden Sie oben im Impressum.</p>
<p>Wir sind nicht bereit oder verpflichtet, an Streitbeilegungsverfahren vor einer Verbraucherschlichtungsstelle teilzunehmen.</p>
<hr />
<p><strong>Haftung für Inhalte</strong></p>
<p>Als Diensteanbieter sind wir gemäß § 7 Abs.1 TMG für eigene Inhalte auf diesen Seiten nach den allgemeinen Gesetzen verantwortlich. Nach §§ 8 bis 10 TMG sind wir als Diensteanbieter jedoch nicht verpflichtet, übermittelte oder gespeicherte fremde Informationen zu überwachen oder nach Umständen zu forschen, die auf eine rechtswidrige Tätigkeit hinweisen.</p>
<p>Verpflichtungen zur Entfernung oder Sperrung der Nutzung von Informationen nach den allgemeinen Gesetzen bleiben hiervon unberührt. Eine diesbezügliche Haftung ist jedoch erst ab dem Zeitpunkt der Kenntnis einer konkreten Rechtsverletzung möglich. Bei Bekanntwerden von entsprechenden Rechtsverletzungen werden wir diese Inhalte umgehend entfernen.</p>
<hr />
<p><strong>Haftung für Links</strong></p>
<p>Unser Angebot enthält Links zu externen Websites Dritter, auf deren Inhalte wir keinen Einfluss haben.</p>
<p>Deshalb können wir für diese fremden Inhalte auch keine Gewähr übernehmen. Für die Inhalte der verlinkten Seiten ist stets der jeweilige Anbieter oder Betreiber der Seiten verantwortlich. Die verlinkten Seiten wurden zum Zeitpunkt der Verlinkung auf mögliche Rechtsverstöße überprüft. Rechtswidrige Inhalte waren zum Zeitpunkt der Verlinkung nicht erkennbar.</p>
<p>Eine permanente inhaltliche Kontrolle der verlinkten Seiten ist jedoch ohne konkrete Anhaltspunkte einer Rechtsverletzung nicht zumutbar. Bei Bekanntwerden von Rechtsverletzungen werden wir derartige Links umgehend entfernen.</p>
<hr />
<p><strong>Urheberrecht</strong></p>
<p>Die durch die Seitenbetreiber erstellten Inhalte und Werke auf diesen Seiten unterliegen dem deutschen Urheberrecht. Die Vervielfältigung, Bearbeitung, Verbreitung und jede Art der Verwertung außerhalb der Grenzen des Urheberrechtes bedürfen der schriftlichen Zustimmung des jeweiligen Autors bzw. Erstellers. Downloads und Kopien dieser Seite sind nur für den privaten, nicht kommerziellen Gebrauch gestattet.</p>
<p>Soweit die Inhalte auf dieser Seite nicht vom Betreiber erstellt wurden, werden die Urheberrechte Dritter beachtet. Insbesondere werden Inhalte Dritter als solche gekennzeichnet. Sollten Sie trotzdem auf eine Urheberrechtsverletzung aufmerksam werden, bitten wir um einen entsprechenden Hinweis. Bei Bekanntwerden von Rechtsverletzungen werden wir derartige Inhalte umgehend entfernen.</p>
<hr />
<p>Quelle:</p>
<p>eRecht24[/vc_column_text][/vc_column][/vc_row]</p>
</div>

<p>[vc_row][vc_column css_animation=&#8220;none&#8220;][vc_column_text] Impressum Angaben gemäß § 5 TMG Christian Volk Fotograf Brüder-Grimm-Str. 72 36396 Steinau * Kontakt Telefon: +49 151 65162540 Telefax: +49 6663 4749837 E-Mail: fotograf.volk@icloud.com Berufsbezeichnung und berufsrechtliche Regelungen Berufsbezeichnung: Fotograf Zuständige Kammer: Handwerkskammer Hessen Verliehen durch: Deutschland Streitschlichtung Die Europäische Kommission stellt eine Plattform zur Online-Streitbeilegung (OS) bereit: https://ec.europa.eu/consumers/odr. Unsere E-Mail-Adresse finden&hellip;</p>

<!-- This site is optimized with the Yoast SEO plugin v27.5 - https://yoast.com/product/yoast-seo-wordpress/ -->
<title>Impressum - Headshot und Business Portrait Fotograf - Christian Volk</title>
<meta name="robots" content="noindex, follow" />
<meta property="og:locale" content="de_DE" />
<meta property="og:type" content="article" />
<meta property="og:title" content="Impressum - Headshot und Business Portrait Fotograf - Christian Volk" />
<meta property="og:description" content="[vc_row][vc_column css_animation=&#8220;none&#8220;][vc_column_text] Impressum Angaben gemäß § 5 TMG Christian Volk Fotograf Brüder-Grimm-Str. 72 36396 Steinau * Kontakt Telefon: +49 151 65162540 Telefax: +49 6663 4749837 E-Mail: fotograf.volk@icloud.com Berufsbezeichnung und berufsrechtliche Regelungen Berufsbezeichnung: Fotograf Zuständige Kammer: Handwerkskammer Hessen Verliehen durch: Deutschland Streitschlichtung Die Europäische Kommission stellt eine Plattform zur Online-Streitbeilegung (OS) bereit: https://ec.europa.eu/consumers/odr. Unsere E-Mail-Adresse finden&hellip;" />
<meta property="og:url" content="https://christian-volk.de/index.php/impressum/" />
<meta property="og:site_name" content="Headshot und Business Portrait Fotograf - Christian Volk" />
<meta property="article:publisher" content="https://www.facebook.com/christian.volk.fotografie" />
<meta property="article:modified_time" content="2020-04-19T13:39:40+00:00" />
<meta name="twitter:card" content="summary_large_image" />
<meta name="twitter:label1" content="Geschätzte Lesezeit" />
	<meta name="twitter:data1" content="2 Minuten" />
<script type="application/ld+json" class="yoast-schema-graph">{"@context":"https:\/\/schema.org","@graph":[{"@type":"WebPage","@id":"https:\/\/christian-volk.de\/index.php\/impressum\/","url":"https:\/\/christian-volk.de\/index.php\/impressum\/","name":"Impressum - Headshot und Business Portrait Fotograf - Christian Volk","isPartOf":{"@id":"https:\/\/christian-volk.de\/#website"},"datePublished":"2019-11-16T17:45:20+00:00","dateModified":"2020-04-19T13:39:40+00:00","breadcrumb":{"@id":"https:\/\/christian-volk.de\/index.php\/impressum\/#breadcrumb"},"inLanguage":"de","potentialAction":[{"@type":"ReadAction","target":["https:\/\/christian-volk.de\/index.php\/impressum\/"]}]},{"@type":"BreadcrumbList","@id":"https:\/\/christian-volk.de\/index.php\/impressum\/#breadcrumb","itemListElement":[{"@type":"ListItem","position":1,"name":"Startseite","item":"https:\/\/christian-volk.de\/"},{"@type":"ListItem","position":2,"name":"Impressum"}]},{"@type":"WebSite","@id":"https:\/\/christian-volk.de\/#website","url":"https:\/\/christian-volk.de\/","name":"Headshot und Business Portrait Fotograf - Christian Volk","description":"","potentialAction":[{"@type":"SearchAction","target":{"@type":"EntryPoint","urlTemplate":"https:\/\/christian-volk.de\/?s={search_term_string}"},"query-input":{"@type":"PropertyValueSpecification","valueRequired":true,"valueName":"search_term_string"}}],"inLanguage":"de"}]}</script>
<!-- / Yoast SEO plugin. -->

[vc_row][vc_column css_animation=&#8220;none&#8220;][vc_column_text] Impressum Angaben gemäß § 5 TMG Christian Volk Fotograf Brüder-Grimm-Str. 72 36396 Steinau * Kontakt Telefon: +49 151 65162540 Telefax: +49 6663 4749837 E-Mail: fotograf.volk@icloud.com Berufsbezeichnung und berufsrechtliche Regelungen Berufsbezeichnung: Fotograf Zuständige Kammer: Handwerkskammer Hessen Verliehen durch: Deutschland Streitschlichtung Die Europäische Kommission stellt eine Plattform zur Online-Streitbeilegung (OS) bereit: https://ec.europa.eu/consumers/odr. Unsere E-Mail-Adresse finden&hellip;
